c is divided by o(10)?
6
What is the remainder when 1678 is divided by ((-8160)/(-3400))/(-1 + (-72)/(-70))?
82
Suppose 7*b + b - 2096 = 0. Let s = b - 137. Let k = -9 - -27. What is the remainder when s is divided by k?
17
Let g = 10 + -22. Let d be (3 - 5)/(0 + 2) - 3. Calculate the remainder when 16 is divided by (75/g)/5*2*d.
6
Let v be 12 + (1 - 1) - -1. Suppose 7*m - 26 = 3*m + q, -5 = -m + q. Suppose -m = -r + v. Calculate the remainder when r is divided by 11.
9
Suppose -485*d = 481*d - 963*d - 1638. Calculate the remainder when d is divided by 145.
111
Suppose 0 = -3*g + 1 + 26. Suppose g*d = -195 + 222. What is the remainder when 9 is divided by d?
0
Let l(j) = 7*j + 0*j**2 + 19 - 20*j + j**2. Let k be l(13). Let x = k + -1. What is the remainder when 33 is divided by x?
15
Let y(n) = n**3 - 10*n**2 - 9*n - 19. Let t be y(11). Suppose -2*h = -m + 329, 10*m + t*h = 7*m + 960. What is the remainder when m is divided by 54?
53
What is the remainder when 28/(-2156)*-88*2135/10 is divided by ((-63)/(-2))/((-1)/(-2))?
55
Suppose -2*b = 4 - 16. Let v(p) = p**3 - 10*p**2 + 25*p + 11. Calculate the remainder when v(b) is divided by 6.
5
Suppose 89*o - 1519 = 2136 + 2575. Calculate the remainder when 275 is divided by o.
65
What is the remainder when (-8 + 60/6)*(-1316)/(-4) is divided by 76?
50
What is the remainder when ((-4962)/6 + -4)/(36/((-48)/4)) is divided by 11?
2
Let u(n) = -16*n + 7. Let j = 26 - 37. Let x be u(j). Suppose 3*o = 2*b - 41 + x, 0 = -3*o - b + 136. What is the remainder when o is divided by 17?
12
Let z = 11 + 24. Let l = -7 - -7. Let n(k) = k**3 - 2*k**2 + k + 19. Calculate the remainder when z is divided by n(l).
16
Suppose 0 = 8*f - 3*f - 3405. Suppose 7*a - 86 = -2*x, -14*a = -11*a - x - 35. What is the remainder when f is divided by a?
9
Let o(b) = -b**3 - 23*b**2 - 45*b - 56. Calculate the remainder when 548 is divided by o(-21).
2
Suppose 239 = 4*m + 105*u - 108*u, -3*m + 2*u + 180 = 0. Calculate the remainder when 152 is divided by m.
28
Suppose -20*v - 46 + 6 = 0. Let i(a) = -7*a**3 + 3*a**2 + 4*a + 1. What is the remainder when i(v) is divided by 24?
13
Let s(h) = -2*h**2 - 16*h - 15. Let z be s(-6). Suppose v = z*v - 496. What is the remainder when v is divided by 22?
18
Let g(z) = 15*z**2 - 2*z + 3. Let y(b) = 15*b**2 - 5*b. Let l be 4/22 - (-156)/(-132). Calculate the remainder when g(2) is divided by y(l).
19
Let q = 1764 + -1743. Suppose -5*v + 0*v = -95. Suppose -v*f = -q*f + 30. Calculate the remainder when 58 is divided by f.
13
Suppose 5*b = 10*b - 15. Let n(v) = 3*v**2 - 3*v - 2. Let q be n(3). What is the remainder when (b - 3) + q - -3 is divided by 10?
9
Let j = 4767 + -4466. Calculate the remainder when j is divided by 79.
64
Let f(m) = -116*m**2 + 7 - 3*m**3 + 77*m**2 + 15 - 15*m + 9*m. What is the remainder when f(-13) is divided by 23?
8
Suppose -3*s + 3*k = -7*s + 17, 2*s - 2*k = 26. Let t be -155 + 7 - (5 - 2) - -1. Let h = 170 + t. Calculate the remainder when h is divided by s.
4
Let h = -1177 - -1204. What is the remainder when 16089 is divided by h?
24
Let a be -4 + (-2)/2*-7. Let r be 1 + a - (5 + (-42)/7). Suppose -2*s - r*y + 521 = 2*s, -5*y = 15. What is the remainder when s is divided by 27?
26
Let p(u) = -6*u**3 + 31*u**2 - 3*u - 6. What is the remainder when 182 is divided by p(2)?
54
Suppose 0 = -54*q + 191*q + 81*q - 561350. Calculate the remainder when q is divided by 184.
183
Suppose 0 = -4*v, -5*j + 11*v = 7*v - 965. Let x = j - 173. What is the remainder when 355 is divided by x?
15
Let n(k) = k**2 + 80. Calculate the remainder when n(17) is divided by 29.
21
Calculate the remainder when 5/(-70) - (-11553)/42 is divided by 133.
9
Let i(y) = y - 2. Let d be i(4). Suppose x + d*w - w = 0, 4*x - w = 25. Let f(m) = m**3 - m**2 - 24*m - 19. What is the remainder when f(6) is divided by x?
2
What is the remainder when 3898/15 + 254/1905 is divided by 40?
20
Let a(z) = 2*z - 27. Let s be a(15). Let x = 28 - s. Suppose -29 = -2*q - 11. What is the remainder when x is divided by q?
7
Suppose 0*m - 7*m = -42. Let o(z) be the second derivative of z**5/20 - z**4 + 2*z**3/3 - 27*z**2/2 - 20*z. What is the remainder when o(12) is divided by m?
3
Suppose 41*s - 35*s = 348. Suppose 3*z - 4*t = -t + 87, -5*z - t + 121 = 0. Calculate the remainder when s is divided by z.
8
Let u = -10 + -14. Let q = u + 83. Calculate the remainder when 173 is divided by q.
55
Let o = -4335 - -4590. Calculate the remainder when o is divided by 32.
31
Suppose -136*c + 135*c + 3*d + 23 = 0, 0 = -3*c + d + 93. Calculate the remainder when 14492 is divided by c.
28
Suppose x = f + 7, 2*x = -350*f + 345*f + 56. Suppose -i + 4*i - 1011 = 0. Calculate the remainder when i is divided by x.
12
Let s(y) be the first derivative of -24*y**4 - 2*y**3/3 - y**2 + y - 18. Calculate the remainder when s(-1) is divided by 20.
17
Let n(c) = -7*c - 39. Let i be n(-6). Suppose -5*r = 25, i*l + 4*r = -0*l + 82. Calculate the remainder when l is divided by 2 + (-2 - 2) - -7.
4
Let x be 102/238*(8 - 1). What is the remainder when (20/x)/(-10) + 208/6 is divided by (-1)/3*(-21 + 0)?
6
Let s = -5 - -15. Let n = 1146 - 967. What is the remainder when n is divided by s?
9
Let v(p) = -1856*p - 10405. Calculate the remainder when v(-6) is divided by 129.
86
Suppose 5*o + 251 = 226, -1399 = -4*u + 3*o. Calculate the remainder when 18337 is divided by u.
345
Suppose -2*q + 354 = 4*k, -5*k - 4*q + 111 + 336 = 0. Calculate the remainder when k is divided by 286/33*(-6)/(-4).
9
Let l(n) = -2*n - 3. Suppose g = -3 - 13. Let v = -755 - -926. What is the remainder when v is divided by l(g)?
26
Let i(n) = n**3 + 9*n**2 + 9*n - 11. Calculate the remainder when 108 is divided by i(-6).
22
Let x(b) = 463*b - 250. Let w = -25 - -41. Suppose 20 = n - w. What is the remainder when x(1) is divided by n?
33
Let x = 5258 + -5167. Suppose 0 = 4*k + 5*f - 100, -f - 76 = 3*k - 7*k. What is the remainder when x is divided by k?
11
Suppose 4*f = -3*t + 101, -73 = -2*t + 7*f - 4*f. What is the remainder when 250 is divided by t?
5
Calculate the remainder when 629 is divided by ((-6)/(-150)*20)/((-42)/15 - -3).
1
Let b(s) = -s**3 + s**2 + 3*s - 2. Let g be b(2). Suppose g*v - 92 = -5*j - 2*v, 3*j + 2*v - 52 = 0. What is the remainder when j is divided by 13?
7
Let n be (-449)/(-5) - 17/(-85). Suppose -15*k = -0*k - n. Calculate the remainder when 17 is divided by k.
5
Suppose 43*r - 48*r + 11 = -19. What is the remainder when (59/2)/(1/2) is divided by r?
5
Suppose w + 208382 = 4*w + 59*w. Calculate the remainder when w is divided by 29.
26
Let f(l) = l**2 - l + 9. Let v be f(0). Suppose -501 = -v*b + 6*b. Calculate the remainder when b is divided by 56.
55
Suppose -31*l - 486 = -40*l + 3681. What is the remainder when l is divided by 15?
13
Suppose -9*z = -11*z - 284. Let v = -127 - z. What is the remainder when 3 + (-1)/((-2)/72) is divided by v?
9
Suppose 4*o - 85 = g, 4*g + o = 2*o - 265. Let i = g - -172. What is the remainder when i is divided by 40?
27
Suppose 3278 - 390 = b + 4*z, -14474 = -5*b - 3*z. What is the remainder when b is divided by 223?
220
Suppose 470*r = 467*r + 9, -4*g = -4*r - 344. Calculate the remainder when 3824 is divided by g.
86
Let b(a) = a**2 - 41*a + 216. Calculate the remainder when 819 is divided by b(35).
3
Let x be ((-7)/2)/((-28)/896). Let w = -5 + x. What is the remainder when w is divided by 22?
19
Let o(n) = -8*n - 19. Let x be o(4). Let h = -50 - x. Calculate the remainder when 0/(-8 - -13) + (35 - h) is divided by 24.
10
Calculate the remainder when 786 is divided by (0 + 2/(0 - -2))/(1057/51793).
2
Let x be (3 + -2)*7/((-21)/(-9)). Suppose x*k - 56 = 40. Suppose 4*v - 2*u = 368, -2*u + 10 = 3*u. Calculate the remainder when v is divided by k.
29
Suppose -3*l - 293 = -v, -v + 200*l + 230 = 204*l. Calculate the remainder when 5842 is divided by v.
256
Suppose -j + 33*a - 31*a + 393 = 0, 6*j - 5*a = 2323. What is the remainder when 2300 is divided by j?
2
Let g(q) be the first derivative of q**4/4 + 7*q**3 - 75*q**2/2 - 29*q - 46. What is the remainder when 257 is divided by g(-24)?
42
Suppose -29836 = -38*p + 33852. Calculate the remainder when p is divided by 46.
20
Suppose 0 = -4*b + 4*p + 12396 + 10476, -2*b - 3*p